 of 93704?
7
What is the thousands digit of 4846?
4
What is the hundreds digit of 45853?
8
What is the units digit of 28251?
1
What is the units digit of 12944?
4
What is the hundreds digit of 2527?
5
What is the hundreds digit of 9534?
5
What is the thousands digit of 1188?
1
What is the hundreds digit of 1484?
4
What is the hundreds digit of 1569?
5
What is the tens digit of 72?
7
What is the hundreds digit of 5009?
0
What is the thousands digit of 2682?
2
What is the thousands digit of 69808?
9
What is the hundreds digit of 37692?
6
What is the tens digit of 1012?
1
What is the hundreds digit of 1337?
3
What is the tens digit of 155698?
9
What is the tens digit of 94007?
0
What is the units digit of 702?
2
What is the hundreds digit of 193?
1
What is the thousands digit of 79967?
9
What is the hundreds digit of 31595?
5
What is the thousands digit of 11440?
1
What is the hundreds digit of 1026?
0
What is the hundreds digit of 4720?
7
What is the units digit of 6815?
5
What is the thousands digit of 12240?
2
What is the thousands digit of 3002?
3
What is the units digit of 1185?
5
What is the units digit of 1011?
1
What is the thousands digit of 75175?
5
What is the tens digit of 1886?
8
What is the tens digit of 85?
8
What is the hundreds digit of 752?
7
What is the hundreds digit of 57825?
8
What is the units digit of 225?
5
What is the ten thousands digit of 34457?
3
What is the hundreds digit of 1362?
3
What is the thousands digit of 4507?
4
What is the hundreds digit of 25163?
1
What is the units digit of 9696?
6
What is the units digit of 53?
3
What is the thousands digit of 24239?
4
What is the thousands digit of 5589?
5
What is the thousands digit of 130880?
0
What is the hundreds digit of 9489?
4
What is the hundreds digit of 4080?
0
What is the tens digit of 72?
7
What is the units digit of 112159?
9
What is the tens digit of 1440?
4
What is the thousands digit of 19468?
9
What is the hundreds digit of 3691?
6
What is the tens digit of 18546?
4
What is the units digit of 2250?
0
What is the tens digit of 7541?
4
What is the ten thousands digit of 26700?
2
What is the hundreds digit of 1329?
3
What is the units digit of 21444?
4
What is the thousands digit of 53926?
3
What is the tens digit of 61604?
0
What is the hundreds digit of 156697?
6
What is the hundreds digit of 687?
6
What is the units digit of 5010?
0
What is the tens digit of 9507?
0
What is the units digit of 9527?
7
What is the thousands digit of 10934?
0
What is the units digit of 37901?
1
What is the hundreds digit of 1194?
1
What is the units digit of 939?
9
What is the thousands digit of 84099?
4
What is the units digit of 613?
3
What is the units digit of 476?
6
What is the tens digit of 415?
1
What is the thousands digit of 132821?
2
What is the units digit of 4718?
8
What is the thousands digit of 2530?
2
What is the thousands digit of 41065?
1
What is the tens digit of 25183?
8
What is the ten thousands digit of 11966?
1
What is the thousands digit of 5344?
5
What is the units digit of 36882?
2
What is the hundreds digit of 22441?
4
What is the thousands digit of 8371?
8
What is the units digit of 750?
0
What is the units digit of 32875?
5
What is the thousands digit of 1028?
1
What is the thousands digit of 2893?
2
What is the hundreds digit of 6578?
5
What is the hundreds digit of 46853?
8
What is the units digit of 16040?
0
What is the hundreds digit of 2045?
0
What is the tens digit of 2210?
1
What is the hundred thousands digit of 113170?
1
What is the thousands digit of 38052?
8
What is the hundreds digit of 405?
4
What is the ten thousands digit of 64221?
6
What is the tens digit of 139324?
2
What is the units digit of 19097?
7
What is the hundreds digit of 2387?
3
What is the units digit of 8501?
1
What is the units digit of 2300?
0
What is the ten thousands digit of 51283?
5
What is the hundreds digit of 13148?
1
What is the tens digit of 37027?
2
What is the thousands digit of 1131?
1
What is the hundreds digit of 375?
3
What is the hundreds digit of 91452?
4
What is the thousands digit of 2266?
2
What is the units digit of 674?
4
What is the tens digit of 13982?
8
What is the thousands digit of 2387?
2
What is the units digit of 52084?
4
What is the tens digit of 29330?
3
What is the units digit of 932?
2
What is the hundreds digit of 2412?
4
What is the hundreds digit of 3546?
5
What is the tens digit of 6482?
8
What is the thousands digit of 12384?
2
What is the units digit of 17840?
0
What is the units digit of 776?
6
What is the thousands digit of 2463?
2
What is the hundreds digit of 933?
9
What is the tens digit of 1844?
4
What is the thousands digit of 4120?
4
What is the thousands digit of 3436?
3
What is the tens digit of 2526?
2
What is the hundreds digit of 788?
7
What is the thousands digit of 57180?
7
What is the thousands digit of 3797?
3
What is the tens digit of 692?
9
What is the tens digit of 6569?
6
What is the units digit of 2417?
7
What is the ten thousands digit of 15440?
1
What is the thousands digit of 2531?
2
What is the units digit of 845?
5
What is the tens digit of 9510?
1
What is the hundreds digit of 129916?
9
What is the hundreds digit of 881?
8
What is the tens digit of 58035?
3
What is the units digit of 168?
8
What is the thousands digit of 1200?
1
What is the units digit of 51887?
7
What is the units digit of 2098?
8
What is the thousands digit of 22707?
2
What is the tens digit of 1275?
7
What is the hundreds digit of 158?
1
What is the tens digit of 234?
3
What is the tens digit of 1778?
7
What is the tens digit of 1136?
3
What is the units digit of 8494?
4
What is the thousands digit of 6102?
6
What is the units digit of 794?
4
What is the tens digit of 6905?
0
What is the hundreds digit of 44158?
1
What is the thousands digit of 62069?
2
What is the ten thousands digit of 42599?
4
What is the units digit of 612?
2
What is the hundreds digit of 3965?
9
What is the tens digit of 7305?
0
What is the hundreds digit of 1057?
0
What is the tens digit of 1125?
2
What is the tens digit of 42814?
1
What is the hundreds digit of 13076?
0
What is the thousands digit of 8958?
8
What is the tens digit of 5765?
6
What is the hundreds digit of 487?
4
What is the thousands digit of 33262?
3
What is the tens digit of 3371?
7
What is the thousands digit of 3707?
3
What is the tens digit of 1367?
6
What is the units digit of 90?
0
What is the thousands digit of 1746?
1
What is the tens digit of 604?
0
What is the hundreds digit of 8077?
0
What is the units digit of 21891?
1
What is the hundreds digit of 1454?
4
What is the units digit of 469?
9
What is the tens digit of 75343?
4
What is the tens digit of 1834?
3
What is the units digit of 2482?
2
What is the units digit of 2005?
5
What is the tens digit of 5036?
3
What is the hundreds digit of 18429?
4
What is the thousands digit of 11885?
1
What is the thousands digit of 4071?
4
What is the tens digit of 726?
2
What is the thousands digit of 19035?
9
What is the hundreds digit of 742?
7
What is the hundreds digit of 6001?
0
What is the tens digit of 1581?
8
What is the tens digit of 12978?
7
What is the thousands digit of 65798?
5
What is the units digit of 914?
4
What is the units digit of 37807?
7
What is the units digit of 7426?
6
What is the thousands digit of 3079?
3
What is the units digit of 8991?
1
What is the thousands digit of 11360?
1
What is the units digit of 4029?
9
What is the hundreds digit of 175?
1
What is the thousands digit of 21733?
1
What is the thousands digit of 1354?
1
What is the units digit of 11641?
1
What is the thousands digit of 3168?
3
What is the units digit of 32040?
0
What is the hundreds digit of 63277?
2
What is the hundreds digit of 189?
1
What is the hundreds digit of 1723?
7
What is the units digit of 451?
1
What is the tens digit of 1255?
5
What is the units digit of 408?
8
What is the hundreds digit of 1741?
7
What is the thousands digit of 1797?
1
What is the units digit of 902?
2
What is the tens digit of 14448?
4
What is the units digit of 4180?
0
What is the ten thousands digit of 45536?
4
What is the units digit of 385?
5
What is the hundreds digit of 22668?
6
What is the units digit of 7819?
9
What is the tens digit of 2392?
9
